551 a multiple of 8?
False
Is 13 a factor of 114527716?
False
Is 1880772012 a multiple of 2709?
True
Does 2232 divide 567001656?
True
Is 236 a factor of 27608956?
False
Is 108 a factor of 8768397?
False
Is 1533 a factor of 662303523?
True
Does 1646 divide 66062385?
False
Is 238844218 a multiple of 951?
False
Does 9 divide 110244791?
False
Is 519 a factor of 569553714?
True
Is 2269258704 a multiple of 144?
True
Is 3205526 a multiple of 76?
False
Is 423356619 a multiple of 1031?
False
Does 90 divide 636139944?
False
Is 17420325 a multiple of 15?
True
Is 3690 a factor of 601739370?
True
Does 339 divide 909359813?
False
Is 24 a factor of 12936752?
False
Is 5433587620 a multiple of 23?
True
Is 4699 a factor of 1040490172?
True
Does 6 divide 249320862?
True
Is 209 a factor of 26334?
True
Is 4 a factor of 698244458?
False
Is 150104873 a multiple of 20?
False
Does 48 divide 59569728?
True
Does 2767 divide 65323336?
True
Does 85 divide 13400165?
True
Is 627 a factor of 6413883?
False
Does 2184 divide 445131726?
False
Does 361 divide 1036992187?
False
Is 654092544 a multiple of 102?
True
Does 184 divide 105061590?
False
Does 167 divide 155344268?
False
Does 396 divide 58564064?
False
Is 544031688 a multiple of 24?
True
Does 2 divide 34404113?
False
Is 11012736 a multiple of 1446?
True
Is 19264140 a multiple of 36?
True
Is 25 a factor of 1839137798?
False
Does 53 divide 16865864?
False
Is 194978682 a multiple of 81?
False
Is 44 a factor of 421695164?
True
Is 8 a factor of 33007400?
True
Is 6 a factor of 750397019?
False
Is 8474888 a multiple of 12?
False
Is 1148 a factor of 272574232?
True
Is 1089 a factor of 244207161?
True
Is 423805592 a multiple of 9?
False
Does 3220 divide 269021340?
True
Is 215 a factor of 398852610?
False
Is 8238759 a multiple of 1929?
True
Does 4378 divide 187356510?
True
Is 30 a factor of 819680368?
False
Is 40152425 a multiple of 29?
False
Is 4687 a factor of 126863029?
True
Does 605 divide 37849336?
False
Is 65411724 a multiple of 14?
True
Does 27 divide 250895890?
False
Does 47 divide 155193342?
True
Is 4 a factor of 14863156?
True
Is 2188 a factor of 57647623?
False
Is 60671516 a multiple of 54?
False
Is 1299421370 a multiple of 65?
True
Does 219 divide 5700351?
True
Does 93 divide 4938114?
True
Does 27 divide 11788402?
False
Is 191 a factor of 36986125?
False
Is 1094622516 a multiple of 1534?
True
Is 82211870 a multiple of 92?
False
Does 17 divide 65415371?
True
Does 280 divide 37166891?
False
Does 43 divide 2047165070?
True
Is 22 a factor of 772222880?
True
Is 112 a factor of 143911824?
True
Is 18070410 a multiple of 29?
False
Does 80 divide 16538287?
False
Is 10976877 a multiple of 27?
True
Does 35 divide 2411045?
True
Does 10 divide 694334340?
True
Is 349 a factor of 190516651?
False
Is 9035692 a multiple of 7?
False
Is 15 a factor of 2318910?
True
Is 12479502 a multiple of 366?
True
Is 95 a factor of 7960240?
True
Is 77 a factor of 18862151?
True
Does 636 divide 8349408?
True
Does 2282 divide 124065943?
False
Does 5 divide 26488387?
False
Is 700540197 a multiple of 2386?
False
Does 6 divide 100290473?
False
Is 5077792 a multiple of 5?
False
Is 475 a factor of 274652125?
True
Is 117 a factor of 76252840?
False
Does 62 divide 13980430?
False
Does 33 divide 76072496?
False
Is 4 a factor of 58190927?
False
Does 16 divide 1492800259?
False
Is 154095340 a multiple of 4?
True
Does 12 divide 75113400?
True
Is 5114 a factor of 465148984?
True
Is 76 a factor of 41376112?
False
Does 13 divide 314444089?
False
Is 11 a factor of 37334404?
False
Does 401 divide 68176837?
False
Is 1207480325 a multiple of 6?
False
Does 9 divide 17721067?
False
Is 11439402 a multiple of 166?
False
Is 115 a factor of 13338160?
True
Does 20 divide 1417723628?
False
Is 1297 a factor of 19502804?
False
Does 224 divide 1068704?
True
Is 45431941 a multiple of 816?
False
Is 3574843080 a multiple of 69?
True
Is 911 a factor of 395946129?
False
Does 8 divide 14578160?
True
Is 191348130 a multiple of 10?
True
Does 5 divide 296132508?
False
Is 192 a factor of 46609152?
True
Does 178 divide 856787241?
False
Does 361 divide 4618634?
True
Does 391 divide 317072457?
True
Does 84 divide 2113664080?
False
Is 29149643 a multiple of 329?
False
Does 68 divide 6927995?
False
Does 1956 divide 1110689172?
True
Is 2413815775 a multiple of 463?
True
Is 14 a factor of 3029456?
False
Does 52 divide 457761506?
False
Is 587 a factor of 47178239?
False
Is 954952474 a multiple of 29?
False
Is 52 a factor of 53688024?
True
Is 113591829 a multiple of 4?
False
Is 851431 a multiple of 15?
False
Does 292 divide 6872512?
True
Is 113459247 a multiple of 2?
False
Is 557 a factor of 17719841?
True
Is 2404048419 a multiple of 279?
True
Is 2 a factor of 20571355?
False
Is 196947990 a multiple of 145?
True
Is 41 a factor of 3515083?
False
Does 1548 divide 190157840?
False
Is 723228805 a multiple of 100?
False
Is 1923 a factor of 188438134?
False
Does 49 divide 74050869?
False
Is 15 a factor of 77821020?
True
Is 1017 a factor of 253433310?
False
Is 260999840 a multiple of 160?
True
Does 3245 divide 1401410088?
False
Is 60 a factor of 8545151?
False
Is 237 a factor of 2169921?
False
Is 18 a factor of 243970902?
True
Is 229 a factor of 31504384?
False
Does 19 divide 3410660?
False
Is 11 a factor of 357878147?
True
Is 14948 a factor of 1057914804?
True
Is 1269405448 a multiple of 8?
True
Is 314 a factor of 392703635?
False
Does 14 divide 23039364?
False
Is 3677 a factor of 104691544?
True
Does 34 divide 35861266?
False
Is 24628238 a multiple of 56?
False
Does 16 divide 2515454136?
False
Is 35 a factor of 267954109?
False
Is 3226 a factor of 213580556?
True
Is 161 a factor of 21570458?
True
Is 13 a factor of 162325736?
False
Is 1678266720 a multiple of 5772?
True
Is 6 a factor of 237509314?
False
Does 95 divide 66165059?
False
Is 22 a factor of 22857824?
True
Is 167 a factor of 42019748?
False
Is 18165364 a multiple of 361?
False
Does 197 divide 48880541?
False
Is 8 a factor of 10954438?
False
Is 908 a factor of 2588563628?
True
Does 80 divide 64690400?
True
Does 11 divide 496902295?
False
Does 845 divide 58361615?
True
Is 78405900 a multiple of 100?
True
Is 2117 a factor of 807986922?
True
Does 88 divide 2003408?
True
Does 727 divide 72492078?
True
Is 259 a factor of 1332938940?
False
Does 47 divide 204119193?
False
Does 49 divide 84819000?
True
Is 16 a factor of 309402944?
True
Does 840 divide 11309760?
True
Is 201658886 a multiple of 71?
True
Is 158 a factor of 203189648?
False
Does 41 divide 432168136?
False
Is 489730397 a multiple of 112?
False
Does 993 divide 165844902?
True
Is 2739 a factor of 48830892?
True
Does 28 divide 41591424?
True
Does 2760 divide 31016880?
True
Does 163 divide 179639040?
True
Is 278 a factor of 2522418280?
False
Is 43372399 a multiple of 153?
False
Is 288 a factor of 278235072?
True
Is 23111899 a multiple of 475?
False
Does 24 divide 2978405616?
True
Does 2 divide 11193742?
True
Does 28 divide 16088573?
False
Is 37 a factor of 225513223?
False
Is 47652292 a multiple of 68?
True
Is 2042294641 a multiple of 92?
False
Does 54 divide 298897168?
False
Does 3661 divide 145726105?
True
Is 25630509 a multiple of 17?
True
Is 247 a factor of 1875498417?
True
Is 59 a factor of 4953580555?
False
Is 47 a factor of 2484044?
True
Does 3 divide 170070640?
False
Does 6 divide 242334834?
True
Is 23212900 a multiple of 211?
False
Does 2613 divide 2053901616?
True
Does 4574 divide 274990818?
False
Does 695 divide 9522195?
True
Is 542 a factor of 85472248?
False
Is 11 a factor of 474111?
True
Is 6 a factor of 32642392?
False
Is 511 a factor of 13955868?
False
Is 64239561 a multiple of 2133?
True
Does 6 divide 21053886?
True
Is 3340900 a multiple of 25?
True
Does 9 divide 16303752?
True
Does 2289 divide 1429622418?
True
Does 462 divide 2345823592?
False
Is 9864041 a multiple of 1331?
True
Is 413260092 a multiple of 174?
True
Does 166 divide 6346866?
False
Is 18 a factor of 495558239?
False
Is 2538 a factor of 31504788?
False
Is 95566472 a multiple of 1032?
False
Does 1245 divide 845521621?
False
Does 44 divide 26765200?
True
Is 190 a factor of 43166204?
False
Does 393 divide 5515053?
False
Is 124342835 a multiple of 12?
False
Is 16042320 a multiple of 18?
True
Does 27 divide 53238521?
